{"id":10402,"date":"2013-10-25T09:20:40","date_gmt":"2013-10-25T09:20:40","guid":{"rendered":"http:\/\/www.erro.es\/erakundeetako-ordezkariak\/?lang=eu"},"modified":"2023-07-11T08:18:58","modified_gmt":"2023-07-11T08:18:58","slug":"erakundeetako-ordezkariak","status":"publish","type":"page","link":"http:\/\/www.erro.es\/eu\/udala\/udal-antolaketa\/erakundeetako-ordezkariak\/","title":{"rendered":"Erakundeetan parte hartzea"},"content":{"rendered":"<p><em><strong><u>Kinto Mankomunitatea<br \/>\n<\/u><\/strong><\/em><\/p>\n<p>Batzordea: Leire Remiro Esnoz, Enrique Garralda Erro.\u00a0 Ordezkoa: Nekane Nu\u00f1o Iturri.<\/p>\n<p><em><strong><u>Au\u00f1amendi Mankomunitatea:<\/u><\/strong><\/em><\/p>\n<p>Batzar Nagusia: Elena Jimenez Rey, Leire Remiro Esnoz, Oier Zaldua Ortiz de Guzman, Teresa Bidaurreta Azkarate, Nekane Nu\u00f1o Iturri eta Juan Luis Fermin Gil Garc\u00eda.<\/p>\n<p>Batzar iraunkorra: Nekane Nu\u00f1o Iturri, Juan Luis Fermin Gil Garc\u00eda.<\/p>\n<p><em><strong><u>Bidausi Mankomunitatea: <\/u><\/strong><\/em><\/p>\n<p>Batzar Nagusia: Elena Jimenez Rey, Oier Zaldua Ortiz de Guzman, Leire Remiro Esnoz, Nekane Nu\u00f1o Iturri, Enrique Garralda Erro, Juan Luis Fermin Gil Garc\u00eda.<\/p>\n<p>Batzar iraunkorra: Elena Jimenez Rey, Oier Zaldua Ortiz de Guzman.<\/p>\n<p><em><u><strong>Berragu Mankomunitatea: <\/strong><\/u><\/em><\/p>\n<p>Leire Remiro Esnoz. Ordezkoa: Enrique Garralda Erro.<\/p>\n<p><strong><em><u>Urrobi Partzuergoa:<\/u><\/em><\/strong><\/p>\n<p>Batzar Nagusia: Leire Remiro Esnoz, Nekane Nu\u00f1o Iturri, Elena Jimenez Rey, Oier Zaldua Ortiz de Guzman, Enrique Garralda Erro.<\/p>\n<p>Ohiko batzarra: \u00a0Elena Jimenez Rey, Oier Zaldua Ortiz de Guzman.<\/p>\n<p><em><strong><u>Erro-Roncesvalles Parke Mikologikoa:<\/u><\/strong><\/em><\/p>\n<p>Leire Remiro Esnoz, Oier Zaldua Ortiz de Guzman, Juan Luis Fermin Gil Garc\u00eda.<\/p>\n<p><strong><em><u>Natura Sarea:<\/u><\/em><\/strong><\/p>\n<p>Elena Jimenez Rey, Oier Zaldua Ortiz de Guzman.<\/p>\n<p><em><strong><u>Ehiza barrutia:<\/u><\/strong><\/em><\/p>\n<p>Leire Remiro Esnoz. Ordezkoa: Enrique Garralda Erro.<\/p>\n<p><em><strong><u>Nafarroako Udal eta Kontzejuen Federazioa<br \/>\n<\/u><\/strong><\/em><\/p>\n<p>Leire Remiro Esnoz. Ordezkoa: Nekane Nu\u00f1o Iturri<\/p>\n<p><em><strong><u>Pirinioko Mahaia:<\/u><\/strong><\/em><\/p>\n<p>Leire Remiro Esnoz. Ordezkoa: Oier Zaldua Ortiz de Guzman.<\/p>\n<p><strong><em><u>Cederna:<\/u><\/em><\/strong><\/p>\n<p>Elena Jimenez Rey. Ordezkoa: Leire Remiro Esnoz.<\/p>\n<p><strong><em><u>UGET:<\/u><\/em><\/strong><\/p>\n<p>Elena Jimenez Rey. Ordezkoa: Leire Remiro Esnoz.<\/p>\n<p><strong><em><u>Jakiak ehuntzen:<\/u><\/em><\/strong><\/p>\n<p>Elena Jimenez Rey. Ordezkoa: Leire Remiro Esnoz.<\/p>\n<p><strong><em><u>Amma Iba\u00f1eta:<\/u><\/em><\/strong><\/p>\n<p>Leire Remiro Esnoz. Ordezkoa: Elena Jimenez Rey.<\/p>\n<p><em><strong><u>Osasun Kontseilua:<\/u><\/strong><\/em><\/p>\n<p>Enrique Garralda Erro. Ordezkoa: Juan Luis Fermin Gil Garc\u00eda.<\/p>\n<p><em><strong><u>Eskola Kontseilua:<\/u><\/strong><\/em><\/p>\n<p>Teresa Bidaurreta Azkarate. Ordezkoa: Enrique Garralda Erro.<\/p>\n<p><strong><em><u>Euskara Zerbitzua:<\/u><\/em><\/strong><\/p>\n<p>Oier Zaldua Ortiz de Guzman. Ordezkoa: Nekane Nu\u00f1o Iturri.<\/p>\n<p><em><strong><u>Irati Irratia:<\/u><\/strong><\/em><\/p>\n<p>Oier Zaldua Ortiz de Guzman. Ordezkoa: Nekane Nu\u00f1o Iturri.<\/p>\n<p><em><strong><u>Agenda 21:<\/u><\/strong><\/em><\/p>\n<p>Leire Remiro Esnoz. Ordezkoa: Enrique Garralda Erro.<\/p>\n<p><em><strong><u>Musika eskola:<\/u><\/strong><\/em><\/p>\n<p>Nekane Nu\u00f1o Iturri. Ordezkoa: Oier Zaldua Ortiz de Guzman.<\/p>\n<p>&nbsp;<\/p>\n<p>&nbsp;<\/p>\n","protected":false},"excerpt":{"rendered":"<p>Kinto Mankomunitatea Batzordea: Leire Remiro Esnoz, Enrique Garralda Erro.\u00a0 Ordezkoa: Nekane Nu\u00f1o Iturri. Au\u00f1amendi Mankomunitatea: Batzar Nagusia: Elena Jimenez Rey, Leire Remiro Esnoz, Oier Zaldua Ortiz de Guzman, Teresa Bidaurreta Azkarate, Nekane Nu\u00f1o Iturri eta Juan Luis Fermin Gil Garc\u00eda. Batzar iraunkorra: Nekane Nu\u00f1o Iturri, Juan Luis Fermin Gil Garc\u00eda. Bidausi Mankomunitatea: Batzar Nagusia: Elena [&hellip;]<\/p>\n","protected":false},"author":1,"featured_media":0,"parent":10396,"menu_order":33,"comment_status":"closed","ping_status":"closed","template":"","meta":{"_exactmetrics_skip_tracking":false,"_exactmetrics_sitenote_active":false,"_exactmetrics_sitenote_note":"","_exactmetrics_sitenote_category":0,"footnotes":""},"yoast_head":"<!-- This site is optimized with the Yoast SEO plugin v22.3 - https:\/\/yoast.com\/wordpress\/plugins\/seo\/ -->\r\n<title>Erakundeetan parte hartzea - Ayuntamiento del Valle de Erro \/ Erroibarko Udala<\/title>\r\n<meta name=\"robots\" content=\"index, follow, max-snippet:-1, max-image-preview:large, max-video-preview:-1\" \/>\r\n<link rel=\"canonical\" href=\"http:\/\/www.erro.es\/eu\/udala\/udal-antolaketa\/erakundeetako-ordezkariak\/\" \/>\r\n<meta property=\"og:locale\" content=\"eu_ES\" \/>\r\n<meta property=\"og:type\" content=\"article\" \/>\r\n<meta property=\"og:title\" content=\"Erakundeetan parte hartzea - Ayuntamiento del Valle de Erro \/ Erroibarko Udala\" \/>\r\n<meta property=\"og:description\" content=\"Kinto Mankomunitatea Batzordea: Leire Remiro Esnoz, Enrique Garralda Erro.\u00a0 Ordezkoa: Nekane Nu\u00f1o Iturri. Au\u00f1amendi Mankomunitatea: Batzar Nagusia: Elena Jimenez Rey, Leire Remiro Esnoz, Oier Zaldua Ortiz de Guzman, Teresa Bidaurreta Azkarate, Nekane Nu\u00f1o Iturri eta Juan Luis Fermin Gil Garc\u00eda. Batzar iraunkorra: Nekane Nu\u00f1o Iturri, Juan Luis Fermin Gil Garc\u00eda. Bidausi Mankomunitatea: Batzar Nagusia: Elena [&hellip;]\" \/>\r\n<meta property=\"og:url\" content=\"http:\/\/www.erro.es\/eu\/udala\/udal-antolaketa\/erakundeetako-ordezkariak\/\" \/>\r\n<meta property=\"og:site_name\" content=\"Ayuntamiento del Valle de Erro \/ Erroibarko Udala\" \/>\r\n<meta property=\"article:modified_time\" content=\"2023-07-11T08:18:58+00:00\" \/>\r\n<meta name=\"twitter:card\" content=\"summary_large_image\" \/>\r\n<meta name=\"twitter:label1\" content=\"Est. reading time\" \/>\n\t<meta name=\"twitter:data1\" content=\"2 minutes\" \/>\r\n<script type=\"application\/ld+json\" class=\"yoast-schema-graph\">{\"@context\":\"https:\/\/schema.org\",\"@graph\":[{\"@type\":\"WebPage\",\"@id\":\"http:\/\/www.erro.es\/eu\/udala\/udal-antolaketa\/erakundeetako-ordezkariak\/\",\"url\":\"http:\/\/www.erro.es\/eu\/udala\/udal-antolaketa\/erakundeetako-ordezkariak\/\",\"name\":\"Erakundeetan parte hartzea - Ayuntamiento del Valle de Erro \/ Erroibarko Udala\",\"isPartOf\":{\"@id\":\"http:\/\/www.erro.es\/eu\/#website\"},\"datePublished\":\"2013-10-25T09:20:40+00:00\",\"dateModified\":\"2023-07-11T08:18:58+00:00\",\"breadcrumb\":{\"@id\":\"http:\/\/www.erro.es\/eu\/udala\/udal-antolaketa\/erakundeetako-ordezkariak\/#breadcrumb\"},\"inLanguage\":\"eu-ES\",\"potentialAction\":[{\"@type\":\"ReadAction\",\"target\":[\"http:\/\/www.erro.es\/eu\/udala\/udal-antolaketa\/erakundeetako-ordezkariak\/\"]}]},{\"@type\":\"BreadcrumbList\",\"@id\":\"http:\/\/www.erro.es\/eu\/udala\/udal-antolaketa\/erakundeetako-ordezkariak\/#breadcrumb\",\"itemListElement\":[{\"@type\":\"ListItem\",\"position\":1,\"name\":\"Portada\",\"item\":\"http:\/\/www.erro.es\/eu\/\"},{\"@type\":\"ListItem\",\"position\":2,\"name\":\"Udala\",\"item\":\"http:\/\/www.erro.es\/eu\/udala\/\"},{\"@type\":\"ListItem\",\"position\":3,\"name\":\"Udal Antolaketa\",\"item\":\"http:\/\/www.erro.es\/eu\/udala\/udal-antolaketa\/\"},{\"@type\":\"ListItem\",\"position\":4,\"name\":\"Erakundeetan parte hartzea\"}]},{\"@type\":\"WebSite\",\"@id\":\"http:\/\/www.erro.es\/eu\/#website\",\"url\":\"http:\/\/www.erro.es\/eu\/\",\"name\":\"Ayuntamiento del Valle de Erro \/ Erroibarko Udala\",\"description\":\"Otro sitio realizado con WordPress\",\"potentialAction\":[{\"@type\":\"SearchAction\",\"target\":{\"@type\":\"EntryPoint\",\"urlTemplate\":\"http:\/\/www.erro.es\/eu\/?s={search_term_string}\"},\"query-input\":\"required name=search_term_string\"}],\"inLanguage\":\"eu-ES\"}]}<\/script>\r\n<!-- \/ Yoast SEO plugin. -->","yoast_head_json":{"title":"Erakundeetan parte hartzea - Ayuntamiento del Valle de Erro \/ Erroibarko Udala","robots":{"index":"index","follow":"follow","max-snippet":"max-snippet:-1","max-image-preview":"max-image-preview:large","max-video-preview":"max-video-preview:-1"},"canonical":"http:\/\/www.erro.es\/eu\/udala\/udal-antolaketa\/erakundeetako-ordezkariak\/","og_locale":"eu_ES","og_type":"article","og_title":"Erakundeetan parte hartzea - Ayuntamiento del Valle de Erro \/ Erroibarko Udala","og_description":"Kinto Mankomunitatea Batzordea: Leire Remiro Esnoz, Enrique Garralda Erro.\u00a0 Ordezkoa: Nekane Nu\u00f1o Iturri. Au\u00f1amendi Mankomunitatea: Batzar Nagusia: Elena Jimenez Rey, Leire Remiro Esnoz, Oier Zaldua Ortiz de Guzman, Teresa Bidaurreta Azkarate, Nekane Nu\u00f1o Iturri eta Juan Luis Fermin Gil Garc\u00eda. Batzar iraunkorra: Nekane Nu\u00f1o Iturri, Juan Luis Fermin Gil Garc\u00eda. Bidausi Mankomunitatea: Batzar Nagusia: Elena [&hellip;]","og_url":"http:\/\/www.erro.es\/eu\/udala\/udal-antolaketa\/erakundeetako-ordezkariak\/","og_site_name":"Ayuntamiento del Valle de Erro \/ Erroibarko Udala","article_modified_time":"2023-07-11T08:18:58+00:00","twitter_card":"summary_large_image","twitter_misc":{"Est. reading time":"2 minutes"},"schema":{"@context":"https:\/\/schema.org","@graph":[{"@type":"WebPage","@id":"http:\/\/www.erro.es\/eu\/udala\/udal-antolaketa\/erakundeetako-ordezkariak\/","url":"http:\/\/www.erro.es\/eu\/udala\/udal-antolaketa\/erakundeetako-ordezkariak\/","name":"Erakundeetan parte hartzea - Ayuntamiento del Valle de Erro \/ Erroibarko Udala","isPartOf":{"@id":"http:\/\/www.erro.es\/eu\/#website"},"datePublished":"2013-10-25T09:20:40+00:00","dateModified":"2023-07-11T08:18:58+00:00","breadcrumb":{"@id":"http:\/\/www.erro.es\/eu\/udala\/udal-antolaketa\/erakundeetako-ordezkariak\/#breadcrumb"},"inLanguage":"eu-ES","potentialAction":[{"@type":"ReadAction","target":["http:\/\/www.erro.es\/eu\/udala\/udal-antolaketa\/erakundeetako-ordezkariak\/"]}]},{"@type":"BreadcrumbList","@id":"http:\/\/www.erro.es\/eu\/udala\/udal-antolaketa\/erakundeetako-ordezkariak\/#breadcrumb","itemListElement":[{"@type":"ListItem","position":1,"name":"Portada","item":"http:\/\/www.erro.es\/eu\/"},{"@type":"ListItem","position":2,"name":"Udala","item":"http:\/\/www.erro.es\/eu\/udala\/"},{"@type":"ListItem","position":3,"name":"Udal Antolaketa","item":"http:\/\/www.erro.es\/eu\/udala\/udal-antolaketa\/"},{"@type":"ListItem","position":4,"name":"Erakundeetan parte hartzea"}]},{"@type":"WebSite","@id":"http:\/\/www.erro.es\/eu\/#website","url":"http:\/\/www.erro.es\/eu\/","name":"Ayuntamiento del Valle de Erro \/ Erroibarko Udala","description":"Otro sitio realizado con WordPress","potentialAction":[{"@type":"SearchAction","target":{"@type":"EntryPoint","urlTemplate":"http:\/\/www.erro.es\/eu\/?s={search_term_string}"},"query-input":"required name=search_term_string"}],"inLanguage":"eu-ES"}]}},"_links":{"self":[{"href":"http:\/\/www.erro.es\/eu\/wp-json\/wp\/v2\/pages\/10402"}],"collection":[{"href":"http:\/\/www.erro.es\/eu\/wp-json\/wp\/v2\/pages"}],"about":[{"href":"http:\/\/www.erro.es\/eu\/wp-json\/wp\/v2\/types\/page"}],"author":[{"embeddable":true,"href":"http:\/\/www.erro.es\/eu\/wp-json\/wp\/v2\/users\/1"}],"replies":[{"embeddable":true,"href":"http:\/\/www.erro.es\/eu\/wp-json\/wp\/v2\/comments?post=10402"}],"version-history":[{"count":3,"href":"http:\/\/www.erro.es\/eu\/wp-json\/wp\/v2\/pages\/10402\/revisions"}],"predecessor-version":[{"id":12485,"href":"http:\/\/www.erro.es\/eu\/wp-json\/wp\/v2\/pages\/10402\/revisions\/12485"}],"up":[{"embeddable":true,"href":"http:\/\/www.erro.es\/eu\/wp-json\/wp\/v2\/pages\/10396"}],"wp:attachment":[{"href":"http:\/\/www.erro.es\/eu\/wp-json\/wp\/v2\/media?parent=10402"}],"curies":[{"name":"wp","href":"https:\/\/api.w.org\/{rel}","templated":true}]}}

<p><em><strong><u>Kinto Mankomunitatea<br />
</u></strong></em></p>
<p>Batzordea: Leire Remiro Esnoz, Enrique Garralda Erro.  Ordezkoa: Nekane Nuño Iturri.</p>
<p><em><strong><u>Auñamendi Mankomunitatea:</u></strong></em></p>
<p>Batzar Nagusia: Elena Jimenez Rey, Leire Remiro Esnoz, Oier Zaldua Ortiz de Guzman, Teresa Bidaurreta Azkarate, Nekane Nuño Iturri eta Juan Luis Fermin Gil García.</p>
<p>Batzar iraunkorra: Nekane Nuño Iturri, Juan Luis Fermin Gil García.</p>
<p><em><strong><u>Bidausi Mankomunitatea: </u></strong></em></p>
<p>Batzar Nagusia: Elena Jimenez Rey, Oier Zaldua Ortiz de Guzman, Leire Remiro Esnoz, Nekane Nuño Iturri, Enrique Garralda Erro, Juan Luis Fermin Gil García.</p>
<p>Batzar iraunkorra: Elena Jimenez Rey, Oier Zaldua Ortiz de Guzman.</p>
<p><em><u><strong>Berragu Mankomunitatea: </strong></u></em></p>
<p>Leire Remiro Esnoz. Ordezkoa: Enrique Garralda Erro.</p>
<p><strong><em><u>Urrobi Partzuergoa:</u></em></strong></p>
<p>Batzar Nagusia: Leire Remiro Esnoz, Nekane Nuño Iturri, Elena Jimenez Rey, Oier Zaldua Ortiz de Guzman, Enrique Garralda Erro.</p>
<p>Ohiko batzarra:  Elena Jimenez Rey, Oier Zaldua Ortiz de Guzman.</p>
<p><em><strong><u>Erro-Roncesvalles Parke Mikologikoa:</u></strong></em></p>
<p>Leire Remiro Esnoz, Oier Zaldua Ortiz de Guzman, Juan Luis Fermin Gil García.</p>
<p><strong><em><u>Natura Sarea:</u></em></strong></p>
<p>Elena Jimenez Rey, Oier Zaldua Ortiz de Guzman.</p>
<p><em><strong><u>Ehiza barrutia:</u></strong></em></p>
<p>Leire Remiro Esnoz. Ordezkoa: Enrique Garralda Erro.</p>
<p><em><strong><u>Nafarroako Udal eta Kontzejuen Federazioa<br />
</u></strong></em></p>
<p>Leire Remiro Esnoz. Ordezkoa: Nekane Nuño Iturri</p>
<p><em><strong><u>Pirinioko Mahaia:</u></strong></em></p>
<p>Leire Remiro Esnoz. Ordezkoa: Oier Zaldua Ortiz de Guzman.</p>
<p><strong><em><u>Cederna:</u></em></strong></p>
<p>Elena Jimenez Rey. Ordezkoa: Leire Remiro Esnoz.</p>
<p><strong><em><u>UGET:</u></em></strong></p>
<p>Elena Jimenez Rey. Ordezkoa: Leire Remiro Esnoz.</p>
<p><strong><em><u>Jakiak ehuntzen:</u></em></strong></p>
<p>Elena Jimenez Rey. Ordezkoa: Leire Remiro Esnoz.</p>
<p><strong><em><u>Amma Ibañeta:</u></em></strong></p>
<p>Leire Remiro Esnoz. Ordezkoa: Elena Jimenez Rey.</p>
<p><em><strong><u>Osasun Kontseilua:</u></strong></em></p>
<p>Enrique Garralda Erro. Ordezkoa: Juan Luis Fermin Gil García.</p>
<p><em><strong><u>Eskola Kontseilua:</u></strong></em></p>
<p>Teresa Bidaurreta Azkarate. Ordezkoa: Enrique Garralda Erro.</p>
<p><strong><em><u>Euskara Zerbitzua:</u></em></strong></p>
<p>Oier Zaldua Ortiz de Guzman. Ordezkoa: Nekane Nuño Iturri.</p>
<p><em><strong><u>Irati Irratia:</u></strong></em></p>
<p>Oier Zaldua Ortiz de Guzman. Ordezkoa: Nekane Nuño Iturri.</p>
<p><em><strong><u>Agenda 21:</u></strong></em></p>
<p>Leire Remiro Esnoz. Ordezkoa: Enrique Garralda Erro.</p>
<p><em><strong><u>Musika eskola:</u></strong></em></p>
<p>Nekane Nuño Iturri. Ordezkoa: Oier Zaldua Ortiz de Guzman.</p>
<p>&nbsp;</p>
<p>&nbsp;</p>

<p>Kinto Mankomunitatea Batzordea: Leire Remiro Esnoz, Enrique Garralda Erro.  Ordezkoa: Nekane Nuño Iturri. Auñamendi Mankomunitatea: Batzar Nagusia: Elena Jimenez Rey, Leire Remiro Esnoz, Oier Zaldua Ortiz de Guzman, Teresa Bidaurreta Azkarate, Nekane Nuño Iturri eta Juan Luis Fermin Gil García. Batzar iraunkorra: Nekane Nuño Iturri, Juan Luis Fermin Gil García. Bidausi Mankomunitatea: Batzar Nagusia: Elena [&hellip;]</p>

<!-- This site is optimized with the Yoast SEO plugin v22.3 - https://yoast.com/wordpress/plugins/seo/ -->
<title>Erakundeetan parte hartzea - Ayuntamiento del Valle de Erro / Erroibarko Udala</title>
<meta name="robots" content="index, follow, max-snippet:-1, max-image-preview:large, max-video-preview:-1" />
<link rel="canonical" href="http://www.erro.es/eu/udala/udal-antolaketa/erakundeetako-ordezkariak/" />
<meta property="og:locale" content="eu_ES" />
<meta property="og:type" content="article" />
<meta property="og:title" content="Erakundeetan parte hartzea - Ayuntamiento del Valle de Erro / Erroibarko Udala" />
<meta property="og:description" content="Kinto Mankomunitatea Batzordea: Leire Remiro Esnoz, Enrique Garralda Erro.  Ordezkoa: Nekane Nuño Iturri. Auñamendi Mankomunitatea: Batzar Nagusia: Elena Jimenez Rey, Leire Remiro Esnoz, Oier Zaldua Ortiz de Guzman, Teresa Bidaurreta Azkarate, Nekane Nuño Iturri eta Juan Luis Fermin Gil García. Batzar iraunkorra: Nekane Nuño Iturri, Juan Luis Fermin Gil García. Bidausi Mankomunitatea: Batzar Nagusia: Elena [&hellip;]" />
<meta property="og:url" content="http://www.erro.es/eu/udala/udal-antolaketa/erakundeetako-ordezkariak/" />
<meta property="og:site_name" content="Ayuntamiento del Valle de Erro / Erroibarko Udala" />
<meta property="article:modified_time" content="2023-07-11T08:18:58+00:00" />
<meta name="twitter:card" content="summary_large_image" />
<meta name="twitter:label1" content="Est. reading time" />
	<meta name="twitter:data1" content="2 minutes" />
<script type="application/ld+json" class="yoast-schema-graph">{"@context":"https://schema.org","@graph":[{"@type":"WebPage","@id":"http://www.erro.es/eu/udala/udal-antolaketa/erakundeetako-ordezkariak/","url":"http://www.erro.es/eu/udala/udal-antolaketa/erakundeetako-ordezkariak/","name":"Erakundeetan parte hartzea - Ayuntamiento del Valle de Erro / Erroibarko Udala","isPartOf":{"@id":"http://www.erro.es/eu/#website"},"datePublished":"2013-10-25T09:20:40+00:00","dateModified":"2023-07-11T08:18:58+00:00","breadcrumb":{"@id":"http://www.erro.es/eu/udala/udal-antolaketa/erakundeetako-ordezkariak/#breadcrumb"},"inLanguage":"eu-ES","potentialAction":[{"@type":"ReadAction","target":["http://www.erro.es/eu/udala/udal-antolaketa/erakundeetako-ordezkariak/"]}]},{"@type":"BreadcrumbList","@id":"http://www.erro.es/eu/udala/udal-antolaketa/erakundeetako-ordezkariak/#breadcrumb","itemListElement":[{"@type":"ListItem","position":1,"name":"Portada","item":"http://www.erro.es/eu/"},{"@type":"ListItem","position":2,"name":"Udala","item":"http://www.erro.es/eu/udala/"},{"@type":"ListItem","position":3,"name":"Udal Antolaketa","item":"http://www.erro.es/eu/udala/udal-antolaketa/"},{"@type":"ListItem","position":4,"name":"Erakundeetan parte hartzea"}]},{"@type":"WebSite","@id":"http://www.erro.es/eu/#website","url":"http://www.erro.es/eu/","name":"Ayuntamiento del Valle de Erro / Erroibarko Udala","description":"Otro sitio realizado con WordPress","potentialAction":[{"@type":"SearchAction","target":{"@type":"EntryPoint","urlTemplate":"http://www.erro.es/eu/?s={search_term_string}"},"query-input":"required name=search_term_string"}],"inLanguage":"eu-ES"}]}</script>
<!-- / Yoast SEO plugin. -->

Kinto Mankomunitatea Batzordea: Leire Remiro Esnoz, Enrique Garralda Erro.  Ordezkoa: Nekane Nuño Iturri. Auñamendi Mankomunitatea: Batzar Nagusia: Elena Jimenez Rey, Leire Remiro Esnoz, Oier Zaldua Ortiz de Guzman, Teresa Bidaurreta Azkarate, Nekane Nuño Iturri eta Juan Luis Fermin Gil García. Batzar iraunkorra: Nekane Nuño Iturri, Juan Luis Fermin Gil García. Bidausi Mankomunitatea: Batzar Nagusia: Elena [&hellip;]
